{"id":65,"date":"2021-04-14T14:19:38","date_gmt":"2021-04-14T12:19:38","guid":{"rendered":"https:\/\/sv-bondorf.de\/tauschboerse\/?page_id=65"},"modified":"2021-07-09T12:40:31","modified_gmt":"2021-07-09T10:40:31","slug":"grundsaetze","status":"publish","type":"page","link":"https:\/\/sv-bondorf.de\/tauschboerse\/grundsaetze\/","title":{"rendered":"Grunds\u00e4tze"},"content":{"rendered":"\n<h3>Was man f\u00fcr die Anzeigenschaltung und Kontaktaufnahme wissen muss.<\/h3>\n\n\n\n<p>Produkte, die gegen geltendes Recht oder gegen die Grunds\u00e4tze vom SV Bondorf versto\u00dfen, werden von der Plattform entfernt.<\/p>\n\n\n\n<h2>Grunds\u00e4tzliches zur Anzeigenerstellung und Kontaktaufnahme<\/h2>\n\n\n\n<p><strong>Generell gilt:<\/strong><br><\/p>\n\n\n\n<ul><li>Geben Sie Ihre Anzeige nur einmalig auf. Anzeigenduplikate sind nicht erlaubt. Hierzu z\u00e4hlen auch Anzeigen, die trotz Unterscheidung, dasselbe Angebot\/Gesuch beinhalten.<\/li><li>Bitte bieten Sie ein konkretes Produkt an. Das Produkt mu\u00df in der \u00dcberschrift und im Anzeigentext klar beschrieben werden.<\/li><li>Bieten Sie nur Produkte an, die sich in Ihrem Besitz befinden.<\/li><li>Bieten Sie nur Produkte an, die einen direkten Zusammenhang zum Sportangebot vom SV Bondorf haben.<\/li><li>Nutzen Sie nur eigene Fotos und Texte.<\/li><li>Geben Sie einen realistischen Preis an.<\/li><li>Derselbe Benutzer darf nur unter Verwendung einer E-Mail-Adresse Anzeigen aufgeben.<\/li><\/ul>\n\n\n\n<p><strong>Nicht erlaubt ist:<\/strong><br><\/p>\n\n\n\n<ul><li>Ein Link zu einer Internetseite darf im Anzeigentext oder in einer Nachricht lediglich erw\u00e4hnt werden, wenn dieser als weiterf\u00fchrende Information zum angebotenen Artikel dient.<\/li><li>Die Angabe einer Internetseite im Anzeigentext oder via Nachricht ist des Weiteren nicht gestattet, wenn:<br>deren Inhalte gegen gesetzliche Vorschriften oder die gute Sitte versto\u00dfen<br>der Betreiber der Website nicht mit der Verlinkung einverstanden ist<br><\/li><li>Die Verwendung von sogenannten &#8222;Wegwerfadressen&#8220; f\u00fcr das Versenden von Nachrichten oder Schalten von Anzeigen.<\/li><li>Die Angabe von Kontaktdaten wie den Facebookaccount, Skypenamen, Telefonnummer, u.\u00e4. im Beschreibungstext. Bitte tragen Sie, wenn gew\u00fcnscht, im daf\u00fcr vorgesehenden Feld &#8222;Telefonnummer&#8220; unter &#8222;Kontakt Information&#8220; Ihre Rufnummer ein.<\/li><li>Das Schalten reiner Werbung f\u00fcr Webseiten, Portale oder Firmen<\/li><li>Suchwort-Spam, d.h. die Anh\u00e4ufung von Suchw\u00f6rtern ohne direkten Zusammenhang zur Anzeige<\/li><li>Das Schalten von Kontaktanzeigen und T\u00e4tigkeiten mit sexuellem Hintergrund<\/li><li>Es ist nicht gestattet, Nacktbilder oder pornografische Bilder in Anzeigen einzuf\u00fcgen.<\/li><li>Bitte achten Sie auf die Formulierung des Anzeigentextes und vermeiden Sie eine unangemessene Ausdrucksweise, Beschimpfungen, Warnungen, Hinweise oder Aufrufe.<\/li><\/ul>\n\n\n\n<p><\/p>\n\n\n\n<h2>Unzul\u00e4ssige Artikel<\/h2>\n\n\n\n<p>Der Handel mit Produkten bei der SV Bondorf Tauschb\u00f6rse ist prinzipiell zul\u00e4ssig, wenn der Handel mit diesen Produkten nicht gegen nationale oder internationale Gesetzgebung verst\u00f6\u00dft. Dar\u00fcber hinaus gibt es spezielle Grunds\u00e4tze f\u00fcr die Nutzung der SV Bondorf Tauschb\u00f6rse.<\/p>\n\n\n\n<p><strong>Achtung!<\/strong> Diese Liste erhebt keinen Anspruch auf Vollst\u00e4ndigkeit. Als Nutzer sind Sie selbst f\u00fcr Ihr Handeln auf der Plattform verantwortlich. Bitte achten Sie auf die geltenden gesetzlichen Bestimmungen bez\u00fcglich Ihrer Angebote.<br><\/p>\n\n\n\n<p>Es ist untersagt, folgende Produkte anzubieten oder in Anzeigen zu beschreiben:<br><\/p>\n\n\n\n<ul><li>Aufrufe zu Straftaten (z. B. Beleidigungen, Gewalttaten)<\/li><li>Aufruf zu Geldspenden<\/li><li>Beleidigungen, Beschimpfungen, Rufmord, Diskriminierung<\/li><li>Nationalsozialistische, Rassenhass verbreitende oder verfassungsfeindliche Propaganda<\/li><li>gemeingef\u00e4hrliche Aktivit\u00e4ten<\/li><\/ul>\n\n\n\n<p><strong>Jugendschutz<\/strong><\/p>\n\n\n\n<ul><li>Pornografische und jugendgef\u00e4hrdende Schriften oder Gegenst\u00e4nde, sowie Dienstleistungen<\/li><li>Prostitution<\/li><li>Angebote von sexuellen Hilfsmitteln, bzw. Gegenst\u00e4nden die der sexuellen Erregung dienen (z.B. Vibratoren, Massagest\u00e4be, Dildos, SM- Zubeh\u00f6r)<\/li><li>Medien mit der Kennzeichnung &#8222;Keine Jugendfreigabe&#8220;, &#8222;Freigabe ab 18&#8220;, &#8222;FSK 18&#8220;, &#8222;USK 18&#8220;, Informieren Sie sich auf den folgenden Seiten, ob Ihr Medium einer Jugendfreigabe unterliegt: <a href=\"http:\/\/www.fsk.de\/?seitid=2&amp;tid=2\" target=\"_blank\" rel=\"noreferrer noopener\">www.fsk.de<\/a>, <a href=\"http:\/\/www.usk.de\/titelsuche\/titelsuche\/\" target=\"_blank\" rel=\"noreferrer noopener\">www.usk.de<\/a><\/li><li>Artikel mit einer Altersfreigabe ab 18 Jahren, Tabakwaren aller Art, sowie entsprechendes Zubeh\u00f6r wie z.B. Shishas oder Pfeifen<\/li><li>Alkoholische Getr\u00e4nke<\/li><li>Drogen im Sinne des Bet\u00e4ubungsmittelgesetzes und andere bewusstseinsver\u00e4ndernde Stoffe, sowie entsprechendes Zubeh\u00f6r<\/li><\/ul>\n\n\n\n<p><strong>Produkte<\/strong><\/p>\n\n\n\n<ul><li>Gef\u00e4hrliche oder eingeschr\u00e4nkt handelbare Gegenst\u00e4nde<\/li><li>Gestohlene Gegenst\u00e4nde<\/li><li>Alle Gegenst\u00e4nde mit Symbolen verfassungsfeindlicher Organisationen &#8211; auch nicht sichtbar dargestellte (verdecktes Hakenkreuz)<\/li><li>Waffen im Sinne des Waffengesetzes, insbesondere Schuss-, Hieb- und Stichwaffen jeglicher Art, sowie Zubeh\u00f6r und Munition jeglicher Art<\/li><li>Nachahmungen und F\u00e4lschungen (Geld, Briefmarken, Bekleidung, Elektronikartikel, Accessoires Produkte, etc.)<\/li><li>Ungenehmigte Kopien gesch\u00fctzter Werke oder Gegenst\u00e4nde, insbesondere Kopien von Filmen, Videospielen, B\u00fcchern (ebooks) oder Musik<\/li><li>Paintball inkl. Ausr\u00fcstung (Kleidung ist erlaubt)<\/li><li>Das Anbieten von, sowie der Handel mit Elektroschrott gem\u00e4\u00df Elektrogesetz (ElektroG)<\/li><li>Das Anbieten von, sowie der Handel mit Schrott f\u00fcr private Nutzer<\/li><li>Gegenst\u00e4nde, Kleidungsst\u00fccke und Ausweise aus sicherheitsrelevanten Bereichen (z. B. beh\u00f6rdliche Ausweise und beh\u00f6rdlich getragene Uniformen)<\/li><li>Medizinische Instrumente (u.a. R\u00f6ntgenger\u00e4te, Defibrillator, Ultraschall-\/Sonographieger\u00e4te)<\/li><li>Arzneimittel (apothekenpflichtig und freiverk\u00e4uflich), Di\u00e4tpr\u00e4parate\/Nahrungserg\u00e4nzungsmittel sowie Medikamente f\u00fcr Tiere<\/li><li>Parfum, au\u00dfer leere Flakons, Factice<\/li><li>Radioaktive Stoffe, Gift- und Explosivstoffe (Feuerwerksk\u00f6rper, pyrotechnische Gegenst\u00e4nde), sowie sonstige gesundheitssch\u00e4digende Chemikalien<\/li><li>Gaskartuschen oder Gasgrill mit Gaskartuschen, Gasflaschen (leer und voll)<\/li><li>Pestizide<\/li><li>Ausgebaute Airbags<\/li><li>Menschliche Organe, Blut, sowie andere K\u00f6rperfl\u00fcssigkeiten<\/li><li>Listen, Verzeichnisse o. \u00e4., die Hersteller-, H\u00e4ndler- und Lieferantenadressen enthalten<\/li><li>Geb\u00fchrenpflichtige Telefondienste (SMS-Dienste, 0900-Nummern, Faxabrufe etc.)<\/li><li>Bootleg-Aufnahmen (Raubpressungen)<\/li><li>Angebote zum Herunterladen von Medien<\/li><li>Spieleaccounts, Spielepunkte &amp; -coins<\/li><li>Hard- oder Software zum Decodieren von Pay-TV<\/li><li>Hard- oder Software zum Modifizieren von Spielekonsolen oder Mobilfunktelefonen<\/li><li>Wertpapiere (insbesondere Aktien), Geldmarkt- oder Finanzinstrumente, Kredite, Darlehen und Finanzierungshilfen<\/li><li>Schuldscheine und gerichtliche Titel, sowie andere Forderungen aus Rechtsgesch\u00e4ften<\/li><li>Arch\u00e4ologische Funde<\/li><li>Handel mit Elfenbein und allen Elfenbeinprodukten, und zwar unabh\u00e4ngig von der Herkunft des Elfenbeins oder Elfenbeinproduktes inkl. pr\u00e4historisches Elfenbein.<\/li><li>Der Handel mit Nahrungsmitteln ist nicht erlaubt.<\/li><\/ul>\n\n\n\n<p><\/p>\n","protected":false},"excerpt":{"rendered":"<p>Was man f\u00fcr die Anzeigenschaltung und Kontaktaufnahme wissen muss. Produkte, die gegen geltendes Recht oder gegen die Grunds\u00e4tze vom SV Bondorf versto\u00dfen, werden von der Plattform entfernt. Grunds\u00e4tzliches zur Anzeigenerstellung und Kontaktaufnahme Generell gilt: Geben Sie Ihre Anzeige nur einmalig auf. Anzeigenduplikate sind nicht erlaubt. Hierzu z\u00e4hlen auch Anzeigen, die trotz Unterscheidung, dasselbe Angebot\/Gesuch beinhalten.&hellip;&nbsp;<a href=\"https:\/\/sv-bondorf.de\/tauschboerse\/grundsaetze\/\" class=\"\" rel=\"bookmark\">Weiterlesen &raquo;<span class=\"screen-reader-text\">Grunds\u00e4tze<\/span><\/a><\/p>\n","protected":false},"author":1,"featured_media":0,"parent":0,"menu_order":0,"comment_status":"closed","ping_status":"closed","template":"","meta":{"neve_meta_sidebar":"full-width","neve_meta_container":"","neve_meta_enable_content_width":"on","neve_meta_content_width":100,"neve_meta_title_alignment":"","neve_meta_author_avatar":"","neve_post_elements_order":"","neve_meta_disable_header":"","neve_meta_disable_footer":"","neve_meta_disable_title":""},"_links":{"self":[{"href":"https:\/\/sv-bondorf.de\/tauschboerse\/wp-json\/wp\/v2\/pages\/65"}],"collection":[{"href":"https:\/\/sv-bondorf.de\/tauschboerse\/wp-json\/wp\/v2\/pages"}],"about":[{"href":"https:\/\/sv-bondorf.de\/tauschboerse\/wp-json\/wp\/v2\/types\/page"}],"author":[{"embeddable":true,"href":"https:\/\/sv-bondorf.de\/tauschboerse\/wp-json\/wp\/v2\/users\/1"}],"replies":[{"embeddable":true,"href":"https:\/\/sv-bondorf.de\/tauschboerse\/wp-json\/wp\/v2\/comments?post=65"}],"version-history":[{"count":5,"href":"https:\/\/sv-bondorf.de\/tauschboerse\/wp-json\/wp\/v2\/pages\/65\/revisions"}],"predecessor-version":[{"id":132,"href":"https:\/\/sv-bondorf.de\/tauschboerse\/wp-json\/wp\/v2\/pages\/65\/revisions\/132"}],"wp:attachment":[{"href":"https:\/\/sv-bondorf.de\/tauschboerse\/wp-json\/wp\/v2\/media?parent=65"}],"curies":[{"name":"wp","href":"https:\/\/api.w.org\/{rel}","templated":true}]}}